{"id":317,"date":"2016-06-27T23:00:52","date_gmt":"2016-06-27T23:00:52","guid":{"rendered":"https:\/\/demec.ufpr.br\/gbio\/?page_id=317"},"modified":"2024-08-20T04:50:10","modified_gmt":"2024-08-20T04:50:10","slug":"motivacao","status":"publish","type":"page","link":"https:\/\/demec.ufpr.br\/gbio\/conteudo-recomendado\/motivacao\/","title":{"rendered":"Foco Pesquisa"},"content":{"rendered":"<p>\u00a0<\/p>\n<p><strong>\u00c1REA BIOM\u00c9DICA<\/strong><\/p>\n<p style=\"text-align: justify\">Tratamentos de superf\u00edcie em implantes met\u00e1licos, novas ligas, testes de bioatividade in vitro, m\u00e9todos de esteriliza\u00e7\u00e3o, s\u00edntese de c\u00e1psulas polim\u00e9ricas de libera\u00e7\u00e3o controlada; (\u00e1rea de corros\u00e3o e prote\u00e7\u00e3o contra corros\u00e3o) &#8211; avalia\u00e7\u00e3o, monitoramento e estudos de mecanismos de corros\u00e3o e resist\u00eancia \u00e0 corros\u00e3o por m\u00e9todos eletroqu\u00edmicos; Revestimentos inteligentes contendo nanomicroreservat\u00f3rios responsivos a estimulos (resposta sob demanda e captura \u00edons agressivos). Materiais bionspirados, sistemas anti-inscrustantes, inibidores verdes.<\/p>\n<hr \/>\n<p><strong>BIOMATERIAIS<\/strong><\/p>\n<p style=\"text-align: justify\">\u00a0 \u00a0 \u00a0 \u00a0 \u00a0Os avan\u00e7os alcan\u00e7ados na biomedicina e cosmetologia, aliados ao aumento da expectativa de vida, t\u00eam possibilitado o desenvolvimento de tecnologias que geram uma melhor qualidade de vida.<\/p>\n<p style=\"text-align: justify\">\u00a0 \u00a0 \u00a0 \u00a0 \u00a0 \u00a0 \u00a0 \u00a0Com rela\u00e7\u00e3o aos implantes ortop\u00e9dicos, dados da d\u00e9cada de 1990 apontaram cerca de 1,7 milh\u00f5es de fraturas de f\u00eamur por ano no mundo, com previs\u00f5es para 2050 de 6,3 milh\u00f5es\/ano. A ind\u00fastria dos biomateriais fatura em m\u00e9dia 28 bilh\u00f5es de d\u00f3lares por ano com um crescimento anual estimado em 15% e o faturamento esperado at\u00e9 2014 \u00e9 de aproximadamente 58,1 bilh\u00f5es de d\u00f3lares. O desenvolvimento da ind\u00fastria nacional de materiais para implantes dent\u00e1rios e ortop\u00e9dicos \u00f3sseo integr\u00e1veis v\u00e9m de encontro aos objetivos do Governo Federal explicitados na \u201cPol\u00edtica Industrial Tecnol\u00f3gica e de Com\u00e9rcio Exterior-PITCE\u201d, onde estudos em Biomateriais visam a melhoria da qualidade e o aumento da competitividade de novos materiais e tratamentos superficiais deste seguimento industrial em franco desenvolvimento.<\/p>\n<hr \/>\n<p><strong>CORROS\u00c3O &amp; PROTE\u00c7\u00c3O<\/strong><\/p>\n<p style=\"text-align: justify\">\u00a0 \u00a0 \u00a0 \u00a0 \u00a0Segundo a Associa\u00e7\u00e3o Brasileira de Corros\u00e3o (ABRACO) cerca de at\u00e9 3% do Produto Interno Bruto (PIB) mundial s\u00e3o gastos em alternativas no combate \u00e0 corros\u00e3o, incluindo a substitui\u00e7\u00e3o ou manuten\u00e7\u00e3o de materiais danificados, bem como as paradas n\u00e3o programadas nas ind\u00fastrias devido a falhas de equipamentos afetados por este fen\u00f4meno degradante. No Brasil, as perdas diretas e indiretas provocadas pela corros\u00e3o atmosf\u00e9rica chegam a US$ 10 bilh\u00f5es por ano.<\/p>\n<p style=\"text-align: justify\">\u00a0 \u00a0 \u00a0 \u00a0 \u00a0A utiliza\u00e7\u00e3o de tintas ou sistemas de pintura \u00e9 uma das t\u00e9cnicas de prote\u00e7\u00e3o anticorrosiva mais aplicada.<sup>\u00a0 <\/sup>Estimativas apontam que cerca de 90% das superf\u00edcies met\u00e1licas s\u00e3o recobertas por tintas ou sistemas de pintura.<\/p>\n<p style=\"text-align: justify\">\u00a0 \u00a0 \u00a0 \u00a0Uma alternativa para aumentar a durabilidade da prote\u00e7\u00e3o anticorrosiva \u00e9 a utiliza\u00e7\u00e3o de revestimentos regenerativos, que em geral se tratam de tintas contendo em sua matriz microc\u00e1psulas contendo subst\u00e2ncias com propriedade de auto cura. Al\u00e9m disso, o inibidor de corros\u00e3o pode ser armazenado em nanoreservat\u00f3rios, sendo liberado de forma controlada quando se iniciar o processo corrosivo. O desenvolvimento de tintas que possuem ao mesmo tempo um sistema de autorregenera\u00e7\u00e3o e sensibilidade qu\u00edmica para a libera\u00e7\u00e3o controlada de inibidor de corros\u00e3o em locais espec\u00edficos \u00e9 promissor, pois visa o aumento da prote\u00e7\u00e3o anticorrosiva do sistema de pintura, sem nenhuma interfer\u00eancia humana.<\/p>\n\n\n<p><\/p>\n","protected":false},"excerpt":{"rendered":"<p>\u00a0 \u00c1REA BIOM\u00c9DICA Tratamentos de superf\u00edcie em implantes met\u00e1licos, novas ligas, testes [&hellip;]<\/p>\n","protected":false},"author":1006,"featured_media":0,"parent":16,"menu_order":0,"comment_status":"open","ping_status":"open","template":"","meta":{"_acf_changed":false,"footnotes":""},"class_list":["post-317","page","type-page","status-publish","hentry"],"acf":[],"_links":{"self":[{"href":"https:\/\/demec.ufpr.br\/gbio\/wp-json\/wp\/v2\/pages\/317","targetHints":{"allow":["GET"]}}],"collection":[{"href":"https:\/\/demec.ufpr.br\/gbio\/wp-json\/wp\/v2\/pages"}],"about":[{"href":"https:\/\/demec.ufpr.br\/gbio\/wp-json\/wp\/v2\/types\/page"}],"author":[{"embeddable":true,"href":"https:\/\/demec.ufpr.br\/gbio\/wp-json\/wp\/v2\/users\/1006"}],"replies":[{"embeddable":true,"href":"https:\/\/demec.ufpr.br\/gbio\/wp-json\/wp\/v2\/comments?post=317"}],"version-history":[{"count":18,"href":"https:\/\/demec.ufpr.br\/gbio\/wp-json\/wp\/v2\/pages\/317\/revisions"}],"predecessor-version":[{"id":2362,"href":"https:\/\/demec.ufpr.br\/gbio\/wp-json\/wp\/v2\/pages\/317\/revisions\/2362"}],"up":[{"embeddable":true,"href":"https:\/\/demec.ufpr.br\/gbio\/wp-json\/wp\/v2\/pages\/16"}],"wp:attachment":[{"href":"https:\/\/demec.ufpr.br\/gbio\/wp-json\/wp\/v2\/media?parent=317"}],"curies":[{"name":"wp","href":"https:\/\/api.w.org\/{rel}","templated":true}]}}