{"id":279,"date":"2016-05-12T23:31:46","date_gmt":"2016-05-12T23:31:46","guid":{"rendered":"https:\/\/demec.ufpr.br\/gbio\/?page_id=279"},"modified":"2024-08-21T21:30:36","modified_gmt":"2024-08-21T21:30:36","slug":"bioatividade-simulacoes-in-vitro","status":"publish","type":"page","link":"https:\/\/demec.ufpr.br\/gbio\/bioatividade-simulacoes-in-vitro\/","title":{"rendered":"Bioatividade: simula\u00e7\u00f5es <em>in vitro<\/em>"},"content":{"rendered":"<p style=\"text-align: center\">Ensaios que simulam as condi\u00e7\u00f5es fisiol\u00f3gicas, flu\u00eddos corp\u00f3reos e composi\u00e7\u00e3o inorg\u00e2nica do osso.<\/p>\n\n<div class=\"wp-block-image\">\n<figure class=\"aligncenter size-full\"><a href=\"https:\/\/demec.ufpr.br\/gbio\/wp-content\/uploads\/sites\/10\/2024\/08\/image-7-2-2.png\"><img fetchpriority=\"high\" decoding=\"async\" width=\"302\" height=\"288\" src=\"https:\/\/demec.ufpr.br\/gbio\/wp-content\/uploads\/sites\/10\/2024\/08\/image-7-2-2.png\" alt=\"\" class=\"wp-image-2436\" srcset=\"https:\/\/demec.ufpr.br\/gbio\/wp-content\/uploads\/sites\/10\/2024\/08\/image-7-2-2.png 302w, https:\/\/demec.ufpr.br\/gbio\/wp-content\/uploads\/sites\/10\/2024\/08\/image-7-2-2-300x286.png 300w, https:\/\/demec.ufpr.br\/gbio\/wp-content\/uploads\/sites\/10\/2024\/08\/image-7-2-2-105x100.png 105w, https:\/\/demec.ufpr.br\/gbio\/wp-content\/uploads\/sites\/10\/2024\/08\/image-7-2-2-60x57.png 60w\" sizes=\"(max-width: 302px) 100vw, 302px\" \/><\/a><\/figure>\n<\/div>\n\n<h6>\u00a0<\/h6>\n<h6 style=\"text-align: center\"><strong>Fibroblastos aderidos \u00e0 superf\u00edcie de Ticp\/Ag tratada por plasma por 1 minuto (HAMDAR, K).<\/strong><\/h6>","protected":false},"excerpt":{"rendered":"<p>Ensaios que simulam as condi\u00e7\u00f5es fisiol\u00f3gicas, flu\u00eddos corp\u00f3reos e composi\u00e7\u00e3o inorg\u00e2nica do [&hellip;]<\/p>\n","protected":false},"author":1006,"featured_media":0,"parent":0,"menu_order":0,"comment_status":"open","ping_status":"open","template":"","meta":{"_acf_changed":false,"footnotes":""},"class_list":["post-279","page","type-page","status-publish","hentry"],"acf":[],"_links":{"self":[{"href":"https:\/\/demec.ufpr.br\/gbio\/wp-json\/wp\/v2\/pages\/279","targetHints":{"allow":["GET"]}}],"collection":[{"href":"https:\/\/demec.ufpr.br\/gbio\/wp-json\/wp\/v2\/pages"}],"about":[{"href":"https:\/\/demec.ufpr.br\/gbio\/wp-json\/wp\/v2\/types\/page"}],"author":[{"embeddable":true,"href":"https:\/\/demec.ufpr.br\/gbio\/wp-json\/wp\/v2\/users\/1006"}],"replies":[{"embeddable":true,"href":"https:\/\/demec.ufpr.br\/gbio\/wp-json\/wp\/v2\/comments?post=279"}],"version-history":[{"count":9,"href":"https:\/\/demec.ufpr.br\/gbio\/wp-json\/wp\/v2\/pages\/279\/revisions"}],"predecessor-version":[{"id":2439,"href":"https:\/\/demec.ufpr.br\/gbio\/wp-json\/wp\/v2\/pages\/279\/revisions\/2439"}],"wp:attachment":[{"href":"https:\/\/demec.ufpr.br\/gbio\/wp-json\/wp\/v2\/media?parent=279"}],"curies":[{"name":"wp","href":"https:\/\/api.w.org\/{rel}","templated":true}]}}